00111011110110
What is 9a603 (base 11) in base 5?
14131213
Convert 1400404324 (base 5) to base 3.
20122021111010
What is -4031413212 (base 5) in base 2?
-11110110011101100011001
Convert -322dd (base 15) to base 14.
-42095
3606461 (base 7) to base 2
1101111010110010110
Convert 34868 (base 15) to base 16.
28d69
What is -216bb (base 16) in base 4?
-201122323
What is 10531433 (base 7) in base 8?
3373620
-100101010001111111 (base 2) to base 14
-3d915
1362604 (base 8) to base 14
a0b88
3423605 (base 9) to base 6
103323435
Convert -11212011012221 (base 3) to base 11.
-1503613
2552134 (base 6) to base 7
1116502
6550031 (base 7) to base 2
11000011110010100100
-37601 (base 15) to base 2
-101011001011010011
Convert -1401026 (base 8) to base 5.
-100100000
What is 95a67 (base 14) in base 15?
721b0
Convert -34220322 (base 5) to base 12.
-12823a
-99707 (base 16) to base 10
-628487
1100111000010001101 (base 2) to base 9
712821
-3ecfa (base 16) to base 2
-111110110011111010
239079 (base 10) to base 14
631b1
What is 1025014 (base 6) in base 14?
144b8
Convert 110111101101110010010 (base 2) to base 12.
740642
-10030301333 (base 5) to base 10
-10009593
Convert -2ba542a (base 12) to base 11.
-5047040
Convert 111110100111101101 (base 2) to base 12.
104525
What is -5055011 (base 6) in base 16?
-3accf
Convert 32830f (base 16) to base 11.
1961130
-1322310 (base 7) to base 16
-2a690
Convert -61632236 (base 7) to base 5.
-2310332023
-43042312 (base 5) to base 9
-611762
6921b (base 12) to base 7
1122656
Convert 1221010011 (base 4) to base 5.
102232331
Convert -2200130330 (base 4) to base 2.
-10100000011100111100
-22007415 (base 8) to base 3
-22212220222101
What is -1a1ba (base 15) in base 7?
-502105
What is 310202 (base 8) in base 15?
205a5
Convert 243434344 (base 5) to base 7.
12552044
What is -621353 (base 10) in base 2?
-10010111101100101001
285690 (base 10) to base 9
474803
What is 12a439 (base 12) in base 13?
aa391
What is bb755 (base 14) in base 7?
3601135
316814 (base 10) to base 12
133412
What is -b2138 (base 12) in base 4?
-320210330
Convert 84550 (base 10) to base 12.
40b1a
What is 100100221012002 (base 3) in base 9?
10327162
320328 (base 13) to base 5
244442132
100010110100011011 (base 2) to base 12
6a64b
What is 3797447 (base 12) in base 4?
221210322313
Convert -b8017 (base 12) to base 5.
-30220224
Convert 3243023 (base 5) to base 2.
1101101011001101
Convert 72054 (base 12) to base 4.
210103000
Convert 289714 (base 14) to base 11.
882716
-12222102000 (base 3) to base 16
-1cba2
What is 12803529 (base 10) in base 14?
19b401b
434444 (base 6) to base 13
13525
Convert 134212a (base 12) to base 10.
3819058
Convert 645899 (base 12) to base 13.
436a91
16171731 (base 8) to base 4
32033033121
Convert -2188416 (base 11) to base 16.
-3a7a82
Convert 604205 (base 7) to base 9.
165315
What is -183503 (base 15) in base 3?
-2012201122210
Convert a1d2ed (base 16) to base 6.
1015150325
-7277131 (base 10) to base 9
-14621311
What is 212172a (base 14) in base 13?
332c06c
What is -1db56 (base 14) in base 2?
-10010101000100000
What is -110010110110110001 (base 2) in base 4?
-302312301
Convert -23b284 (base 13) to base 6.
-30140310
Convert -62a37 (base 12) to base 3.
-20120102221
-9729 (base 16) to base 14
-10161
-171044 (base 8) to base 14
-1883a
2722617 (base 10) to base 3
12010022201200
What is 32124422 (base 7) in base 10?
2729120
What is 15413050 (base 7) in base 11?
9228a0
What is 32334c (base 15) in base 2?
1001000111100011100111
-4412002 (base 7) to base 15
-aa40d
What is -34320 (base 11) in base 15?
-ea8c
Convert -583062 (base 12) to base 5.
-330242211
Convert -77b0 (base 15) to base 13.
-b712
What is 3816301 (base 11) in base 5?
3144013312
Convert -d7b38 (base 16) to base 6.
-30534200
-143a85 (base 11) to base 14
-5bd71
What is -383704 (base 10) in base 8?
-1355330
Convert -1057a80 (base 13) to base 8.
-23013643
What is -11769a (base 11) in base 7?
-1402551
Convert 623839 (base 13) to base 8.
10576207
470475 (base 10) to base 4
1302313023
1221300 (base 5) to base 9
34886
Convert 143537 (base 9) to base 12.
42a67
Convert 38769 (base 11) to base 8.
154305
Convert -14313121 (base 6) to base 5.
-111220011
Convert 56416630 (base 7) to base 13.
1025416
13232000330 (base 4) to base 7
23125241
What is 8d4e (base 16) in base 9?
54553
What is -93268 (base 13) in base 10?
-264064
-265727 (base 8) to base 6
-1555115
What is -91a82 (base 11) in base 15?
-29c50
Convert -4734041 (base 10) to base 11.
-2743834
-1236081 (base 9) to base 12
-285a31
Convert -28f26 (base 16) to base 13.
-5b455
520b92 (base 12) to base 4
10322102132
-20600350 (base 8) to base 6
-234041212
Convert -201543432 (base 6) to base 8.
-15123614
What is -3660612 (base 10) in base 5?
-1414114422
What is 1212020122 (base 3) in base 5?
2133004
What is 10012002022 (base 3) in base 16?
f524
-1001111001001101101111 (base 2) to base 3
-11212202211000
What is -210323 (base 4) in base 5?
-33423
What is -125111 (base 12) in base 8?
-1110135
What is 4120300410 (base 5) in base 6?
455212411
21302344 (base 5) to base 11
114490
What is -1078718 (base 10) in base 11?
-677503
Convert 7b4c05 (base 13) to base 8.
13117013
1c03a (base 13) to base 2
1101011010111110
-74355 (base 8) to base 5
-1442312
What is -33023101111 (base 4) in base 13?
-a93a50
2035251 (base 8) to base 7
4404214
What is 100b2 (base 14) in base 12?
1a3a4
-102151434 (base 6) to base 13
-4a7841
Convert -225822 (base 9) to base 6.
-2523245
Convert -53098 (base 10) to base 8.
-147552
What is 40123333 (base 5) in base 13?
b15a0
Convert -1a3ca (base 15) to base 14.
-230c8
What is 167844 (base 10) in base 16?
28fa4
What is -7d9eb0 (base 16) in base 2?
-11111011001111010110000
25363135 (base 7) to base 8
10616516
Convert -25713 (base 16) to base 12.
-74903
-1838489 (base 11) to base 10
-3115121
What is 1001100201212 (base 3) in base 10?
558221
What is -12570476 (base 8) in base 12?
-b38766
168174 (base 9) to base 12
504b7
-3173381 (base 9) to base 7
-20315344
Convert -30103211 (base 4) to base 13.
-19c34
-9225098 (base 11) to base 7
-255365160
-212001202012 (base 3) to base 5
-104011413
Convert -1001123210 (base 4) to base 6.
-5424432
What is 31555404 (base 6) in base 13?
268903
Convert -36372 (base 12) to base 9.
-121235
-23a2a9 (base 11) to base 12
-163894
What is -5c945 (base 14) in base 12?
-ab329
What is 302300302133 (base 4) in base 3?
221001001211022
What is -1c4e9 (base 15) in base 6?
-1551020
What is -21121231 (base 8) in base 7?
-53142626
-181706 (base 10) to base 4
-230113022
-1312333102 (base 4) to base 7
-4066633
10101021201122 (base 3) to base 14
34ab3c
Convert 1bac29 (base 16) to base 13.
4b6606
-143223130 (base 6) to base 2
-1011010010001101011110
419706a (base 11) to base 9
14811046
-122221112201021 (base 3) to base 16
-918712
Convert -101220213 (base 7) to base 4.
-112211203032
Convert 1110111101010110 (base 2) to base 3.
10010001021
Convert -41033024 (base 5) to base 2.
-1010000101010010101
What is 572b0 (base 16) in base 9?
603681
Convert -303203122133 (base 4) to base 9.
-27377238
Convert -3956 (base 16) to base 14.
-54c6
Convert d7ad8 (base 15) to base 6.
22355335
What is -10902a4 (base 13) in base 8?
-23312252
Convert -56383a (base 11) to base 5.
-212214410
3203830 (base 10) to base 5
1310010310
5227a1 (base 12) to base 11
8013a5
What is 3323043 (base 5) in base 10?
57898
33133134 (base 5) to base 3
112120020101
Convert -6a785d (base 14) to base 12.
-12719b7
102223032 (base 4) to base 3
10212221010
Convert -1121010021011 (base 3) to base 10.
-848749
10452234 (base 7) to base 9
1626433
-4105e (base 15) to base 3
-101110112022
What is 71b08 (base 13) in base 3?
101100211020
What is 10213214 (base 5) in base 16?
14dba
-40043304 (base 7) to base 5
-1321224311
Convert 230194a (base 12) to base 9.
13574204
Convert -133303333110 (base 4) to base 3.
-120200200112010
What is 22545054 (base 6) in base 3?
1022110222021
Convert -11330230 (base 5) to base 13.
-38a8c
What is -101101001101000101 (base 2) in base 14?
-4b697
145200302 (base 6) to base 8
13501556
2200 (base 12) to base 3
12010200
Convert 1122402 (base 10) to base 2.
100010010000001100010
2965886 (base 10) to base 12
bb0452
What is -146865 (base 10) in base 15?
-2d7b0
320538 (base 11) to base 8
1752071